{"id":1185,"date":"2025-04-04T07:14:39","date_gmt":"2025-04-04T06:14:39","guid":{"rendered":"https:\/\/www.blauweiss-hartefeld.de\/?page_id=1185"},"modified":"2025-06-08T13:13:54","modified_gmt":"2025-06-08T12:13:54","slug":"blue-white-table-dinner","status":"publish","type":"page","link":"https:\/\/www.blauweiss-hartefeld.de\/?page_id=1185","title":{"rendered":"Blue White Table Dinner"},"content":{"rendered":"\n<figure class=\"wp-block-image size-large\"><img loading=\"lazy\" decoding=\"async\" width=\"1024\" height=\"609\" src=\"https:\/\/www.blauweiss-hartefeld.de\/wp-content\/uploads\/2025\/04\/image-2-1024x609.png\" alt=\"\" class=\"wp-image-1192\" srcset=\"https:\/\/www.blauweiss-hartefeld.de\/wp-content\/uploads\/2025\/04\/image-2-1024x609.png 1024w, https:\/\/www.blauweiss-hartefeld.de\/wp-content\/uploads\/2025\/04\/image-2-300x179.png 300w, https:\/\/www.blauweiss-hartefeld.de\/wp-content\/uploads\/2025\/04\/image-2-250x149.png 250w, https:\/\/www.blauweiss-hartefeld.de\/wp-content\/uploads\/2025\/04\/image-2-768x457.png 768w, https:\/\/www.blauweiss-hartefeld.de\/wp-content\/uploads\/2025\/04\/image-2-50x30.png 50w, https:\/\/www.blauweiss-hartefeld.de\/wp-content\/uploads\/2025\/04\/image-2-59x35.png 59w, https:\/\/www.blauweiss-hartefeld.de\/wp-content\/uploads\/2025\/04\/image-2-420x250.png 420w, https:\/\/www.blauweiss-hartefeld.de\/wp-content\/uploads\/2025\/04\/image-2-600x357.png 600w, https:\/\/www.blauweiss-hartefeld.de\/wp-content\/uploads\/2025\/04\/image-2-285x170.png 285w, https:\/\/www.blauweiss-hartefeld.de\/wp-content\/uploads\/2025\/04\/image-2-195x116.png 195w, https:\/\/www.blauweiss-hartefeld.de\/wp-content\/uploads\/2025\/04\/image-2.png 1460w\" sizes=\"auto, (max-width: 1024px) 100vw, 1024px\" \/><\/figure>\n\n\n\n<figure class=\"wp-block-image size-large\"><img loading=\"lazy\" decoding=\"async\" width=\"1024\" height=\"117\" src=\"https:\/\/www.blauweiss-hartefeld.de\/wp-content\/uploads\/2025\/04\/image-1-1024x117.png\" alt=\"\" class=\"wp-image-1190\" srcset=\"https:\/\/www.blauweiss-hartefeld.de\/wp-content\/uploads\/2025\/04\/image-1-1024x117.png 1024w, https:\/\/www.blauweiss-hartefeld.de\/wp-content\/uploads\/2025\/04\/image-1-300x34.png 300w, https:\/\/www.blauweiss-hartefeld.de\/wp-content\/uploads\/2025\/04\/image-1-250x29.png 250w, https:\/\/www.blauweiss-hartefeld.de\/wp-content\/uploads\/2025\/04\/image-1-768x88.png 768w, https:\/\/www.blauweiss-hartefeld.de\/wp-content\/uploads\/2025\/04\/image-1-141x16.png 141w, https:\/\/www.blauweiss-hartefeld.de\/wp-content\/uploads\/2025\/04\/image-1-187x21.png 187w, https:\/\/www.blauweiss-hartefeld.de\/wp-content\/uploads\/2025\/04\/image-1-750x86.png 750w, https:\/\/www.blauweiss-hartefeld.de\/wp-content\/uploads\/2025\/04\/image-1-600x69.png 600w, https:\/\/www.blauweiss-hartefeld.de\/wp-content\/uploads\/2025\/04\/image-1-285x33.png 285w, https:\/\/www.blauweiss-hartefeld.de\/wp-content\/uploads\/2025\/04\/image-1-228x26.png 228w, https:\/\/www.blauweiss-hartefeld.de\/wp-content\/uploads\/2025\/04\/image-1.png 1510w\" sizes=\"auto, (max-width: 1024px) 100vw, 1024px\" \/><\/figure>\n\n\n\n<p class=\"has-text-align-center\"><strong>>>> ANMELDUNG PER EMAIL UNTEN AUF DIESER SEITE &lt;&lt;&lt;<\/strong><\/p>\n\n\n\n<p class=\"has-text-align-center\">Sie erhalten von uns zeitnah eine Eingangsbest\u00e4tigung ihrer Reservierung per Email zur\u00fcck. Bitte \u00fcberweisen Sie den entsprechenden Betrag auf untenstehendes Konto.  Nach Zahlungseingang erhalten Sie ebenfalls eine Best\u00e4tigung. Anfang Juli erhalten Sie eine letzte Nachricht mit den letzten Informationen und ihren Reservierungscode mit dem Sie bei uns dann Platz nehmen k\u00f6nnen.<\/p>\n\n\n\n<h2 class=\"wp-block-heading\"><strong>Wir laden Sie herzlich ein zum ersten Blue White Table Dinner.<\/strong><\/h2>\n\n\n\n<p class=\"has-black-color has-text-color has-link-color wp-elements-35afa59bcc0853f8979b49e6426ca4b1\">Am 12. Juli 2025 wird die B\u00fcrgerwiese in einen gem\u00fctlichen und auch spektakul\u00e4ren Schauplatz des ersten Blue White Table Dinners verwandelt.<\/p>\n\n\n\n<p class=\"has-black-color has-text-color has-link-color wp-elements-41bed949d5ac3807afdc6efdfa885851\">Das Blue White Table Dinner ist ein Event, bei dem Menschen zusammenkommen, um gemeinsam zu speisen und zu feiern. Es geht darum, eine stilvolle Atmosph\u00e4re zu schaffen und gleichzeitig Gemeinschaft und Freundschaft zu feiern.<\/p>\n\n\n\n<h2 class=\"wp-block-heading\"><strong>Was macht unser Blue White Table Dinner so besonders?<\/strong><\/h2>\n\n\n\n<p class=\"has-black-color has-text-color has-link-color wp-elements-f479e7f455b464328269062a3ea377d5\">Es ist ein urbanes Picknick mitten in Hartefeld, bei dem mit Familie und Freunden, Nachbarn, oder mit den zuf\u00e4lligen Tischnachbarn gespeist und getrunken, alte Bekannte wieder getroffen und neue Leute kennengelernt werden k\u00f6nnen. Nat\u00fcrlich sind alle willkommen, wir freuen uns \u00fcber alle G\u00e4ste, die mit uns zusammen feiern!<\/p>\n\n\n\n<h2 class=\"wp-block-heading\"><strong>Wie funktioniert&#8217;s?<\/strong><\/h2>\n\n\n\n<p class=\"has-black-color has-text-color has-link-color wp-elements-4871186102ca8b3694d0b84580131516\">Eine Anmeldung (Email-Link weiter unten im Banner) ist unumg\u00e4nglich, die wir bis zum 30. Juni 2025 sehr gerne entgegennehmen. F\u00fcr die Reservierung eines Platzes wird eine Geb\u00fchr von 5\u20ac pro Person (ab 14 Jahren) erhoben. Die Anmeldegeb\u00fchr wird bitte auf unser Konto DE64&nbsp;3205&nbsp;0000&nbsp;0323&nbsp;6615&nbsp;12 bei der Sparkasse Krefeld \u00fcberwiesen.<\/p>\n\n\n\n<p class=\"has-black-color has-text-color has-link-color wp-elements-559ba721f529af3479f327e44052a597\">Wir erwarten unsere G\u00e4ste in blau und\/oder wei\u00dfer Kleidung. Dies sorgt f\u00fcr das passende Stimmungsbild in unserer Blau-Wei\u00dfen Umgebung.<\/p>\n\n\n\n<p class=\"has-black-color has-text-color has-link-color wp-elements-e0320bc3f295ed744690291836980675\">F\u00fcr gen\u00fcgend Tische und Sitzgelegenheiten ist gesorgt, wobei keine direkte Platzreservierung per Tisch und Sitz erfolgt. Sie kommen einfach zu uns und k\u00f6nnen sichergehen, dass Ihnen gen\u00fcgend freie Pl\u00e4tze (auch f\u00fcr eine Gruppe) zur Verf\u00fcgung stehen. Die Tische werden vor Ort von unseren G\u00e4sten frei gew\u00e4hlt.<\/p>\n\n\n\n<p class=\"has-black-color has-text-color has-link-color wp-elements-5656b4d76703d29863ebd57b8337e288\">Alle Speisen, das Essensbesteck samt Teller und die gem\u00fctliche Beleuchtung f\u00fcr die Abendstunden bringt jeder selbst mit. Den mitgebrachten Speisen sind hier keine Grenzen gesetzt. Ob ein kleines kaltes Buffet f\u00fcr sich am eigenen Tisch oder ein kleiner Gaskocher neben dem Tisch mit frisch vor Ort gekochten Kartoffeln mitgebracht wird&#8230; erlaubt ist alles was tragbar ist, keinen Strom braucht und bei sich selber auf den Tisch passt. Das mit Brennpaste betriebene Fondue oder die gro\u00dfe Sch\u00fcssel Salat. Hier gilt auch bei unseren G\u00e4sten: Teilen ist erlaubt, aber keine Pflicht. Vielleicht entdeckt man ja auf anderen Tischen leckere K\u00f6stlichkeiten die es sich mal zu probieren erfragen lohnt&#8230;!? Die Beleuchtung f\u00fcr die Abendstunden kann eine Kerze, eine Akkulampe oder auch eine batteriebetriebene Lichterkette sein mit denen man den Tisch schm\u00fcckt.<\/p>\n\n\n\n<p class=\"has-black-color has-text-color has-link-color wp-elements-def623fbd0dc11198d1682c352f1a98b\">Getr\u00e4nke werden zu absolut moderaten und fairen Preisen von Blau-Wei\u00df angeboten und am Tisch serviert. Bezahlt wird hier mit Getr\u00e4nkekarten die am Abend erworben werden k\u00f6nnen.<\/p>\n\n\n\n<p class=\"has-black-color has-text-color has-link-color wp-elements-478a192e65b0511c76a651e61e7727f7\">Zum Empfang wird ein kostenfreier Begr\u00fc\u00dfungs-Aperitif gereicht.<\/p>\n\n\n\n<p class=\"has-black-color has-text-color has-link-color wp-elements-2877ea683d71e7feb00e1fa739fca624\">F\u00fcr die musikalische Untermalung ist unser Spielmannszug &#8211; positioniert auf einem wei\u00dfem 40-Tonnen-Trailerzug &#8211; verantwortlich. Weitere gem\u00fctliche Atmosph\u00e4re schafft bestimmt ebenfalls die Musik vom Band, falls dem Spielmannszug mal eine Pause oder der Feierabend geg\u00f6nnt wird.<\/p>\n\n\n\n<p class=\"has-black-color has-text-color has-link-color wp-elements-a8c442001eda9f0d5528f26961ca9153\">Zur Anmeldung per Email bitte auf das Banner klicken:<\/p>\n\n\n\n<figure class=\"wp-block-image size-large\"><a href=\"mailto:kassenwart@blauweiss-hartefeld.de?cc=sven@biertels.de&amp;subject=Anmeldung%20zum%20Blue%20White%20Table%20Dinner%20am%2012.%20Juli%202025&amp;body=Hallo%20Blau-Wei%C3%9F%2C%0Ahiermit%20melde%20ich%20mich%2Funs%20zum%20Blue%20White%20Table%20Dinner%20an%3A%0A%0AAnzahl%20Personen%3A%20%0A__%20Erwachsene%20%C3%A1%205%E2%82%AC%0A__%20Kinder%20ab%2014%20Jahren%20%C3%A1%205%E2%82%AC%0A__%20Kinder%20bis%2013%20Jahren%20%C3%A1%200%E2%82%AC%0A%0AName%20des%20Bestellers%3A%20%0A%0ADen%20Gesamtbetrag%20werde%20ich%20auf%20das%20Konto%20DE64%C2%A03205%C2%A00000%C2%A00323%C2%A06615%C2%A012%20bei%20der%20Sparkasse%20Krefeld%20%C3%BCberweisen.%0A%0AVielen%20Dank%20f%C3%BCr%20eine%20kurze%20Best%C3%A4tigung%20der%20Anmeldung.%0A\"><img loading=\"lazy\" decoding=\"async\" width=\"1024\" height=\"114\" src=\"https:\/\/www.blauweiss-hartefeld.de\/wp-content\/uploads\/2025\/04\/image-3-1024x114.png\" alt=\"\" class=\"wp-image-1224\" srcset=\"https:\/\/www.blauweiss-hartefeld.de\/wp-content\/uploads\/2025\/04\/image-3-1024x114.png 1024w, https:\/\/www.blauweiss-hartefeld.de\/wp-content\/uploads\/2025\/04\/image-3-300x33.png 300w, https:\/\/www.blauweiss-hartefeld.de\/wp-content\/uploads\/2025\/04\/image-3-250x28.png 250w, https:\/\/www.blauweiss-hartefeld.de\/wp-content\/uploads\/2025\/04\/image-3-768x85.png 768w, https:\/\/www.blauweiss-hartefeld.de\/wp-content\/uploads\/2025\/04\/image-3-141x16.png 141w, https:\/\/www.blauweiss-hartefeld.de\/wp-content\/uploads\/2025\/04\/image-3-187x21.png 187w, https:\/\/www.blauweiss-hartefeld.de\/wp-content\/uploads\/2025\/04\/image-3-750x83.png 750w, https:\/\/www.blauweiss-hartefeld.de\/wp-content\/uploads\/2025\/04\/image-3-600x67.png 600w, https:\/\/www.blauweiss-hartefeld.de\/wp-content\/uploads\/2025\/04\/image-3-285x32.png 285w, https:\/\/www.blauweiss-hartefeld.de\/wp-content\/uploads\/2025\/04\/image-3-228x25.png 228w, https:\/\/www.blauweiss-hartefeld.de\/wp-content\/uploads\/2025\/04\/image-3.png 1107w\" sizes=\"auto, (max-width: 1024px) 100vw, 1024px\" \/><\/a><\/figure>\n\n\n\n<p class=\"has-black-color has-text-color has-link-color wp-elements-306f3e4706771720d004534ba0ddb5d0\">Anmeldung in Ausnahmef\u00e4llen auch \u00fcber Telefon m\u00f6glich bei Sven Forthmann unter <a href=\"tel:4915253819605\">+49 152 5381 9605<\/a>. Den Gesamtbetrag der Anmeldegeb\u00fchr von 5\u20ac pro Person \u00fcberweisen Sie bitte auf das Konto DE64\u00a03205\u00a00000\u00a00323\u00a06615\u00a012 bei der Sparkasse Krefeld.<\/p>\n\n\n\n<p class=\"has-black-color has-text-color has-link-color wp-elements-6174bf4969e1b65152e9b1e606976937\">\u00dcberrascht uns mit euren Ideen und Einf\u00e4llen rund um das Thema Essen, Transport und Kleidung. Es kann jeder gespannt auf das sein, was da kommt. Wir freuen uns auf sch\u00f6ne Stunden mit euch Allen. <\/p>\n\n\n\n<h2 class=\"wp-block-heading\"><strong>Gibt es etwas Kleingedrucktes?<\/strong><\/h2>\n\n\n\n<p class=\"has-black-color has-text-color has-link-color wp-elements-a713c46023b449158a36ef8b6597b402\">Sollte die Veranstaltung aufgrund von Regen oder anderen nicht w\u00fcnschenswerten Wetterereignissen ausfallen m\u00fcssen, so kann der Betrag f\u00fcr die Platzreservierung leider nicht erstattet werden. Denn f\u00fcr den Spielmannszug fallen schon im Vorfeld Zahlungen und bei einer Absage Stornokosten an, die es&nbsp;zu&nbsp;decken&nbsp;gilt. Wir bitten h\u00f6flichst um Verst\u00e4ndnis.<\/p>\n","protected":false},"excerpt":{"rendered":"<p>>>> ANMELDUNG PER EMAIL UNTEN AUF DIESER SEITE &lt;&lt;&lt; Sie erhalten von uns zeitnah eine Eingangsbest\u00e4tigung ihrer Reservierung per Email zur\u00fcck. Bitte \u00fcberweisen Sie den entsprechenden Betrag auf untenstehendes Konto. Nach Zahlungseingang erhalten Sie ebenfalls eine Best\u00e4tigung. Anfang Juli erhalten Sie eine letzte Nachricht mit den letzten Informationen und ihren Reservierungscode mit dem Sie bei uns dann Platz nehmen k\u00f6nnen. Wir laden Sie herzlich ein zum ersten Blue White Table Dinner. Am 12. Juli 2025<\/p>\n<div class=\"read-more-wrapper\"><a href=\"https:\/\/www.blauweiss-hartefeld.de\/?page_id=1185\" class=\"btn btn-green btn-read-more\" role=\"button\">weiterlesen<\/a><\/div>\n","protected":false},"author":1,"featured_media":1186,"parent":0,"menu_order":0,"comment_status":"closed","ping_status":"closed","template":"","meta":{"footnotes":""},"class_list":["post-1185","page","type-page","status-publish","has-post-thumbnail","hentry"],"_links":{"self":[{"href":"https:\/\/www.blauweiss-hartefeld.de\/index.php?rest_route=\/wp\/v2\/pages\/1185","targetHints":{"allow":["GET"]}}],"collection":[{"href":"https:\/\/www.blauweiss-hartefeld.de\/index.php?rest_route=\/wp\/v2\/pages"}],"about":[{"href":"https:\/\/www.blauweiss-hartefeld.de\/index.php?rest_route=\/wp\/v2\/types\/page"}],"author":[{"embeddable":true,"href":"https:\/\/www.blauweiss-hartefeld.de\/index.php?rest_route=\/wp\/v2\/users\/1"}],"replies":[{"embeddable":true,"href":"https:\/\/www.blauweiss-hartefeld.de\/index.php?rest_route=%2Fwp%2Fv2%2Fcomments&post=1185"}],"version-history":[{"count":38,"href":"https:\/\/www.blauweiss-hartefeld.de\/index.php?rest_route=\/wp\/v2\/pages\/1185\/revisions"}],"predecessor-version":[{"id":1322,"href":"https:\/\/www.blauweiss-hartefeld.de\/index.php?rest_route=\/wp\/v2\/pages\/1185\/revisions\/1322"}],"wp:featuredmedia":[{"embeddable":true,"href":"https:\/\/www.blauweiss-hartefeld.de\/index.php?rest_route=\/wp\/v2\/media\/1186"}],"wp:attachment":[{"href":"https:\/\/www.blauweiss-hartefeld.de\/index.php?rest_route=%2Fwp%2Fv2%2Fmedia&parent=1185"}],"curies":[{"name":"wp","href":"https:\/\/api.w.org\/{rel}","templated":true}]}}