{"id":50,"date":"2018-12-23T20:09:44","date_gmt":"2018-12-23T20:09:44","guid":{"rendered":"http:\/\/neu.blauweiss-hartefeld.de\/?page_id=50"},"modified":"2025-04-03T10:01:28","modified_gmt":"2025-04-03T09:01:28","slug":"vorstand","status":"publish","type":"page","link":"https:\/\/www.blauweiss-hartefeld.de\/?page_id=50","title":{"rendered":"Vorstand"},"content":{"rendered":"\n<p><\/p>\n\n\n\n<figure class=\"wp-block-image size-large\"><img loading=\"lazy\" decoding=\"async\" width=\"1024\" height=\"768\" src=\"https:\/\/www.blauweiss-hartefeld.de\/wp-content\/uploads\/2024\/11\/IMG_0022-1024x768.jpeg\" alt=\"\" class=\"wp-image-1137\" srcset=\"https:\/\/www.blauweiss-hartefeld.de\/wp-content\/uploads\/2024\/11\/IMG_0022-1024x768.jpeg 1024w, https:\/\/www.blauweiss-hartefeld.de\/wp-content\/uploads\/2024\/11\/IMG_0022-300x225.jpeg 300w, https:\/\/www.blauweiss-hartefeld.de\/wp-content\/uploads\/2024\/11\/IMG_0022-250x188.jpeg 250w, https:\/\/www.blauweiss-hartefeld.de\/wp-content\/uploads\/2024\/11\/IMG_0022-768x576.jpeg 768w, https:\/\/www.blauweiss-hartefeld.de\/wp-content\/uploads\/2024\/11\/IMG_0022-1536x1152.jpeg 1536w, https:\/\/www.blauweiss-hartefeld.de\/wp-content\/uploads\/2024\/11\/IMG_0022-40x30.jpeg 40w, https:\/\/www.blauweiss-hartefeld.de\/wp-content\/uploads\/2024\/11\/IMG_0022-47x35.jpeg 47w, https:\/\/www.blauweiss-hartefeld.de\/wp-content\/uploads\/2024\/11\/IMG_0022-333x250.jpeg 333w, https:\/\/www.blauweiss-hartefeld.de\/wp-content\/uploads\/2024\/11\/IMG_0022-600x450.jpeg 600w, https:\/\/www.blauweiss-hartefeld.de\/wp-content\/uploads\/2024\/11\/IMG_0022-285x214.jpeg 285w, https:\/\/www.blauweiss-hartefeld.de\/wp-content\/uploads\/2024\/11\/IMG_0022-155x116.jpeg 155w, https:\/\/www.blauweiss-hartefeld.de\/wp-content\/uploads\/2024\/11\/IMG_0022.jpeg 2048w\" sizes=\"auto, (max-width: 1024px) 100vw, 1024px\" \/><\/figure>\n\n\n\n<figure class=\"wp-block-table aligncenter is-style-stripes\"><table><tbody><tr><td>1. Vorsitzender\n<\/td><td><\/td><td><a href=\"mailto:erstervorsitzender@blauweiss-hartefeld.de\">Norbert Clancett<\/a><\/td><\/tr><tr><td> stellvertretender Vorsitzender <\/td><td><\/td><td><a href=\"mailto:stellvert_vorsitzender@blauweiss-hartefeld.de\">Willi Laumann<\/a><\/td><\/tr><tr><td>\nTambourmajor\n<\/td><td><\/td><td><a href=\"mailto:tambourmajor@blauweiss-hartefeld.de\">Friedhelm van de Laak<\/a><\/td><\/tr><tr><td>\nElferratspr\u00e4sident\n<\/td><td><\/td><td><a href=\"mailto:elferratspraesident@blauweiss-hartefeld.de\">Lucas van Stephoudt<\/a> <\/td><\/tr><tr><td>\nEhrenpr\u00e4sident\n<\/td><td><\/td><td>Hermann Forthmann<\/td><\/tr><tr><td>\nKassenwart\n<\/td><td><\/td><td><a href=\"mailto:kassenwart@blauweiss-hartefeld.de\">Michelle van Stephoudt<\/a><\/td><\/tr><tr><td>\nSchriftf\u00fchrer\n<\/td><td><\/td><td><a href=\"mailto:schriftfuehrer@blauweiss-hartefeld.de\">Vincent van Stephoudt<\/a><\/td><\/tr><tr><td>\nZeugwart\n<\/td><td><\/td><td><a href=\"mailto:zeugwart@blauweiss-hartefeld.de\">Thorsten Reich<\/a><\/td><\/tr><tr><td>\nJugendwart\n<\/td><td><\/td><td><a href=\"mailto:jugendwart@blauweiss-hartefeld.de\">Isabelle Clancett<\/a><\/td><\/tr><tr><td>\nJugendsprecher\n<\/td><td><\/td><td><a href=\"mailto:jugendsprecher_1@blauweiss-hartefeld.de\">Laurie Forthmann<\/a><\/td><\/tr><tr><td>\nJugendsprecher\n<\/td><td><\/td><td><a href=\"mailto:jugendsprecher_2@blauweiss-hartefeld.de\">Alissa Grunendahl<\/a><\/td><\/tr><tr><td>\npassiver Beisitzer\n<\/td><td><\/td><td><a href=\"mailto:pass_beisitzer_1@blauweiss-hartefeld.de\">Ernst Spolders<\/a><\/td><\/tr><tr><td>\npassiver Beisitzer\n<\/td><td><\/td><td><a href=\"mailto:pass_beisitzer_2@blauweiss-hartefeld.de\">Sven Forthmann<\/a><\/td><\/tr><\/tbody><\/table><\/figure>\n","protected":false},"excerpt":{"rendered":"<p>1. Vorsitzender Norbert Clancett stellvertretender Vorsitzender Willi Laumann Tambourmajor Friedhelm van de Laak Elferratspr\u00e4sident Lucas van Stephoudt Ehrenpr\u00e4sident Hermann Forthmann Kassenwart Michelle van Stephoudt Schriftf\u00fchrer Vincent van Stephoudt Zeugwart Thorsten Reich Jugendwart Isabelle Clancett Jugendsprecher Laurie Forthmann Jugendsprecher Alissa Grunendahl passiver Beisitzer Ernst Spolders passiver Beisitzer Sven Forthmann<\/p>\n","protected":false},"author":1,"featured_media":80,"parent":0,"menu_order":0,"comment_status":"closed","ping_status":"closed","template":"","meta":{"footnotes":""},"class_list":["post-50","page","type-page","status-publish","has-post-thumbnail","hentry"],"_links":{"self":[{"href":"https:\/\/www.blauweiss-hartefeld.de\/index.php?rest_route=\/wp\/v2\/pages\/50","targetHints":{"allow":["GET"]}}],"collection":[{"href":"https:\/\/www.blauweiss-hartefeld.de\/index.php?rest_route=\/wp\/v2\/pages"}],"about":[{"href":"https:\/\/www.blauweiss-hartefeld.de\/index.php?rest_route=\/wp\/v2\/types\/page"}],"author":[{"embeddable":true,"href":"https:\/\/www.blauweiss-hartefeld.de\/index.php?rest_route=\/wp\/v2\/users\/1"}],"replies":[{"embeddable":true,"href":"https:\/\/www.blauweiss-hartefeld.de\/index.php?rest_route=%2Fwp%2Fv2%2Fcomments&post=50"}],"version-history":[{"count":11,"href":"https:\/\/www.blauweiss-hartefeld.de\/index.php?rest_route=\/wp\/v2\/pages\/50\/revisions"}],"predecessor-version":[{"id":1184,"href":"https:\/\/www.blauweiss-hartefeld.de\/index.php?rest_route=\/wp\/v2\/pages\/50\/revisions\/1184"}],"wp:featuredmedia":[{"embeddable":true,"href":"https:\/\/www.blauweiss-hartefeld.de\/index.php?rest_route=\/wp\/v2\/media\/80"}],"wp:attachment":[{"href":"https:\/\/www.blauweiss-hartefeld.de\/index.php?rest_route=%2Fwp%2Fv2%2Fmedia&parent=50"}],"curies":[{"name":"wp","href":"https:\/\/api.w.org\/{rel}","templated":true}]}}

<p></p>



<figure class="wp-block-image size-large"><img loading="lazy" decoding="async" width="1024" height="768" src="https://www.blauweiss-hartefeld.de/wp-content/uploads/2024/11/IMG_0022-1024x768.jpeg" alt="" class="wp-image-1137" srcset="https://www.blauweiss-hartefeld.de/wp-content/uploads/2024/11/IMG_0022-1024x768.jpeg 1024w, https://www.blauweiss-hartefeld.de/wp-content/uploads/2024/11/IMG_0022-300x225.jpeg 300w, https://www.blauweiss-hartefeld.de/wp-content/uploads/2024/11/IMG_0022-250x188.jpeg 250w, https://www.blauweiss-hartefeld.de/wp-content/uploads/2024/11/IMG_0022-768x576.jpeg 768w, https://www.blauweiss-hartefeld.de/wp-content/uploads/2024/11/IMG_0022-1536x1152.jpeg 1536w, https://www.blauweiss-hartefeld.de/wp-content/uploads/2024/11/IMG_0022-40x30.jpeg 40w, https://www.blauweiss-hartefeld.de/wp-content/uploads/2024/11/IMG_0022-47x35.jpeg 47w, https://www.blauweiss-hartefeld.de/wp-content/uploads/2024/11/IMG_0022-333x250.jpeg 333w, https://www.blauweiss-hartefeld.de/wp-content/uploads/2024/11/IMG_0022-600x450.jpeg 600w, https://www.blauweiss-hartefeld.de/wp-content/uploads/2024/11/IMG_0022-285x214.jpeg 285w, https://www.blauweiss-hartefeld.de/wp-content/uploads/2024/11/IMG_0022-155x116.jpeg 155w, https://www.blauweiss-hartefeld.de/wp-content/uploads/2024/11/IMG_0022.jpeg 2048w" sizes="auto, (max-width: 1024px) 100vw, 1024px" /></figure>



<figure class="wp-block-table aligncenter is-style-stripes"><table><tbody><tr><td>1. Vorsitzender
</td><td></td><td><a href="mailto:erstervorsitzender@blauweiss-hartefeld.de">Norbert Clancett</a></td></tr><tr><td> stellvertretender Vorsitzender </td><td></td><td><a href="mailto:stellvert_vorsitzender@blauweiss-hartefeld.de">Willi Laumann</a></td></tr><tr><td>
Tambourmajor
</td><td></td><td><a href="mailto:tambourmajor@blauweiss-hartefeld.de">Friedhelm van de Laak</a></td></tr><tr><td>
Elferratspräsident
</td><td></td><td><a href="mailto:elferratspraesident@blauweiss-hartefeld.de">Lucas van Stephoudt</a> </td></tr><tr><td>
Ehrenpräsident
</td><td></td><td>Hermann Forthmann</td></tr><tr><td>
Kassenwart
</td><td></td><td><a href="mailto:kassenwart@blauweiss-hartefeld.de">Michelle van Stephoudt</a></td></tr><tr><td>
Schriftführer
</td><td></td><td><a href="mailto:schriftfuehrer@blauweiss-hartefeld.de">Vincent van Stephoudt</a></td></tr><tr><td>
Zeugwart
</td><td></td><td><a href="mailto:zeugwart@blauweiss-hartefeld.de">Thorsten Reich</a></td></tr><tr><td>
Jugendwart
</td><td></td><td><a href="mailto:jugendwart@blauweiss-hartefeld.de">Isabelle Clancett</a></td></tr><tr><td>
Jugendsprecher
</td><td></td><td><a href="mailto:jugendsprecher_1@blauweiss-hartefeld.de">Laurie Forthmann</a></td></tr><tr><td>
Jugendsprecher
</td><td></td><td><a href="mailto:jugendsprecher_2@blauweiss-hartefeld.de">Alissa Grunendahl</a></td></tr><tr><td>
passiver Beisitzer
</td><td></td><td><a href="mailto:pass_beisitzer_1@blauweiss-hartefeld.de">Ernst Spolders</a></td></tr><tr><td>
passiver Beisitzer
</td><td></td><td><a href="mailto:pass_beisitzer_2@blauweiss-hartefeld.de">Sven Forthmann</a></td></tr></tbody></table></figure>

<p>1. Vorsitzender Norbert Clancett stellvertretender Vorsitzender Willi Laumann Tambourmajor Friedhelm van de Laak Elferratspräsident Lucas van Stephoudt Ehrenpräsident Hermann Forthmann Kassenwart Michelle van Stephoudt Schriftführer Vincent van Stephoudt Zeugwart Thorsten Reich Jugendwart Isabelle Clancett Jugendsprecher Laurie Forthmann Jugendsprecher Alissa Grunendahl passiver Beisitzer Ernst Spolders passiver Beisitzer Sven Forthmann</p>
